{"id":19,"date":"2019-04-17T13:52:59","date_gmt":"2019-04-17T13:52:59","guid":{"rendered":"https:\/\/www.dg-floessberg.de\/?page_id=19"},"modified":"2025-12-19T09:02:02","modified_gmt":"2025-12-19T09:02:02","slug":"datenschutz","status":"publish","type":"page","link":"https:\/\/www.dg-floessberg.de\/?page_id=19","title":{"rendered":"Datenschutz"},"content":{"rendered":"\n<p><strong>Datenschutzerkl\u00e4rung<\/strong><\/p>\n\n\n\n<p><strong>Allgemeiner Hinweis und\nPflichtinformationen<\/strong><\/p>\n\n\n\n<p><strong>Benennung der verantwortlichen\nStelle<\/strong><\/p>\n\n\n\n<p>Die verantwortliche Stelle f\u00fcr die\nDatenverarbeitung auf dieser Website ist:<\/p>\n\n\n\n<p>Dorfgemeinschaft Fl\u00f6\u00dfberg e.V.<br> Sebastian Lehning<br> An der Feuerwehr 1e<br> 04654 Frohburg<\/p>\n\n\n\n<p>Die verantwortliche Stelle\nentscheidet allein oder gemeinsam mit anderen \u00fcber die Zwecke und Mittel der\nVerarbeitung von personenbezogenen Daten (z.B. Namen, Kontaktdaten o. \u00c4.).<\/p>\n\n\n\n<p><strong>Widerruf Ihrer Einwilligung zur\nDatenverarbeitung<\/strong><\/p>\n\n\n\n<p>Nur mit Ihrer ausdr\u00fccklichen\nEinwilligung sind einige Vorg\u00e4nge der Datenverarbeitung m\u00f6glich. Ein Widerruf\nIhrer bereits erteilten Einwilligung ist jederzeit m\u00f6glich. F\u00fcr den Widerruf\ngen\u00fcgt eine formlose Mitteilung per E-Mail. Die Rechtm\u00e4\u00dfigkeit der bis zum\nWiderruf erfolgten Datenverarbeitung bleibt vom Widerruf unber\u00fchrt.<\/p>\n\n\n\n<p><strong>Recht auf Beschwerde bei der\nzust\u00e4ndigen Aufsichtsbeh\u00f6rde<\/strong><\/p>\n\n\n\n<p>Als Betroffener steht Ihnen im Falle\neines datenschutzrechtlichen Versto\u00dfes ein Beschwerderecht bei der zust\u00e4ndigen\nAufsichtsbeh\u00f6rde zu. Zust\u00e4ndige Aufsichtsbeh\u00f6rde bez\u00fcglich\ndatenschutzrechtlicher Fragen ist der Landesdatenschutzbeauftragte des\nBundeslandes, in dem sich der Sitz unseres Unternehmens befindet. Der folgende\nLink stellt eine Liste der Datenschutzbeauftragten sowie deren Kontaktdaten\nbereit: <a href=\"https:\/\/www.bfdi.bund.de\/DE\/Infothek\/Anschriften_Links\/anschriften_links-node.html\" target=\"_blank\" rel=\"noreferrer noopener\">https:\/\/www.bfdi.bund.de\/DE\/Infothek\/Anschriften_Links\/anschriften_links-node.html<\/a>.<\/p>\n\n\n\n<p><strong>Recht auf Daten\u00fcbertragbarkeit<\/strong><\/p>\n\n\n\n<p>Ihnen steht das Recht zu, Daten, die\nwir auf Grundlage Ihrer Einwilligung oder in Erf\u00fcllung eines Vertrags\nautomatisiert verarbeiten, an sich oder an Dritte aush\u00e4ndigen zu lassen. Die\nBereitstellung erfolgt in einem maschinenlesbaren Format. Sofern Sie die direkte\n\u00dcbertragung der Daten an einen anderen Verantwortlichen verlangen, erfolgt dies\nnur, soweit es technisch machbar ist.<\/p>\n\n\n\n<p><strong>Recht auf Auskunft, Berichtigung,\nSperrung, L\u00f6schung<\/strong><\/p>\n\n\n\n<p>Sie haben jederzeit im Rahmen der\ngeltenden gesetzlichen Bestimmungen das Recht auf unentgeltliche Auskunft \u00fcber\nIhre gespeicherten personenbezogenen Daten, Herkunft der Daten, deren Empf\u00e4nger\nund den Zweck der Datenverarbeitung und ggf. ein Recht auf Berichtigung,\nSperrung oder L\u00f6schung dieser Daten. Diesbez\u00fcglich und auch zu weiteren Fragen\nzum Thema personenbezogene Daten k\u00f6nnen Sie sich jederzeit \u00fcber die im\nImpressum aufgef\u00fchrten Kontaktm\u00f6glichkeiten an uns wenden.<\/p>\n\n\n\n<p><strong>SSL- bzw. TLS-Verschl\u00fcsselung<\/strong><\/p>\n\n\n\n<p>Aus Sicherheitsgr\u00fcnden und zum\nSchutz der \u00dcbertragung vertraulicher Inhalte, die Sie an uns als\nSeitenbetreiber senden, nutzt unsere Website eine SSL-bzw. TLS-Verschl\u00fcsselung.\nDamit sind Daten, die Sie \u00fcber diese Website \u00fcbermitteln, f\u00fcr Dritte nicht\nmitlesbar. Sie erkennen eine verschl\u00fcsselte Verbindung an der \u201ehttps:\/\/\u201c\nAdresszeile Ihres Browsers und am Schloss-Symbol in der Browserzeile.<\/p>\n\n\n\n<p><strong>Server-Log-Dateien<\/strong><\/p>\n\n\n\n<p>In Server-Log-Dateien erhebt und\nspeichert der Provider der Website automatisch Informationen, die Ihr Browser\nautomatisch an uns \u00fcbermittelt. Dies sind:<\/p>\n\n\n\n<ul class=\"wp-block-list\">\n<li>Besuchte Seite auf unserer Domain<\/li>\n\n\n\n<li>Datum und Uhrzeit der Serveranfrage<\/li>\n\n\n\n<li>Browsertyp und Browserversion<\/li>\n\n\n\n<li>Verwendetes Betriebssystem<\/li>\n\n\n\n<li>Referrer URL<\/li>\n\n\n\n<li>Hostname des zugreifenden Rechners<\/li>\n\n\n\n<li>IP-Adresse<\/li>\n<\/ul>\n\n\n\n<p>Es findet keine Zusammenf\u00fchrung\ndieser Daten mit anderen Datenquellen statt. Grundlage der Datenverarbeitung\nbildet Art. 6 Abs. 1 lit. b DSGVO, der die Verarbeitung von Daten zur Erf\u00fcllung\neines Vertrags oder vorvertraglicher Ma\u00dfnahmen gestattet.<\/p>\n\n\n\n<p><strong>Cookies<\/strong><\/p>\n\n\n\n<p>Unsere Website verwendet Cookies.\nDas sind kleine Textdateien, die Ihr Webbrowser auf Ihrem Endger\u00e4t speichert.\nCookies helfen uns dabei, unser Angebot nutzerfreundlicher, effektiver und\nsicherer zu machen. <\/p>\n\n\n\n<p>Einige\nCookies sind \u201cSession-Cookies.\u201d Solche\nCookies werden nach Ende Ihrer Browser-Sitzung von selbst gel\u00f6scht. Hingegen\nbleiben andere Cookies auf Ihrem Endger\u00e4t bestehen, bis Sie diese selbst\nl\u00f6schen. Solche Cookies helfen uns, Sie bei R\u00fcckkehr auf unserer Website\nwiederzuerkennen.<\/p>\n\n\n\n<p>Mit einem modernen Webbrowser k\u00f6nnen\nSie das Setzen von Cookies \u00fcberwachen, einschr\u00e4nken oder unterbinden. Viele\nWebbrowser lassen sich so konfigurieren, dass Cookies mit dem Schlie\u00dfen des\nProgramms von selbst gel\u00f6scht werden. Die Deaktivierung von Cookies kann eine\neingeschr\u00e4nkte Funktionalit\u00e4t unserer Website zur Folge haben.<\/p>\n\n\n\n<p>Das Setzen von Cookies, die zur Aus\u00fcbung elektronischer Kommunikationsvorg\u00e4nge oder der Bereitstellung bestimmter, von Ihnen erw\u00fcnschter Funktionen (z.B. Warenkorb) notwendig sind, erfolgt auf Grundlage von Art. 6 Abs. 1 lit. f DSGVO. Als Betreiber dieser Website haben wir ein berechtigtes Interesse an der Speicherung von Cookies zur technisch fehlerfreien und reibungslosen Bereitstellung unserer Dienste. Sofern die Setzung anderer Cookies (z.B. f\u00fcr Analyse-Funktionen) erfolgt, werden diese in dieser Datenschutzerkl\u00e4rung separat behandelt.<\/p>\n\n\n\n<p><strong>AWStats<\/strong><br>Zur Analyse der Websitenutzung vernweden wir die Analysesoftware AWStats. Mit Hilfe dieser ist es m\u00f6glich sogennate Logfiles auszuwerten welche bei einem Zugriff generiert werden. Zur Auswertung werden nur diese Logfiles genutzt und keine Cookies auf Ihrem PC erzeugt. Die Logfiles enthalten auch Ihre IP-Adresse. Diese Daten sind in der Regel aber niemandem zuordenbar. Auch ein Abgleich bzw. zusammenf\u00fchren dieser Daten mit anderen Quellen findet nicht statt. Au\u00dferdem werden die Logfiles nach einem Monat automatisiert gel\u00f6scht.<br>Es erfolgt keine \u00dcbermittlung der Daten an Dritte sowie keine \u00dcbertragung an ausl\u00e4ndische Server.<\/p>\n\n\n\n<p>Quelle: Datenschutz-Konfigurator von\n<a href=\"http:\/\/www.mein-datenschutzbeauftragter.de\" target=\"_blank\" rel=\"noreferrer noopener\">mein-datenschutzbeauftragter.de<\/a><\/p>\n\n\n\n<hr class=\"wp-block-separator has-css-opacity\"\/>\n\n\n\n<h2 class=\"wp-block-heading\">DISCLAIMER<\/h2>\n\n\n\n<p><strong>Haftung f\u00fcr Inhalte<\/strong><\/p>\n\n\n\n<p>Als Diensteanbieter sind wir gem\u00e4\u00df \u00a7 7 Abs.1 TMG f\u00fcr eigene Inhalte auf diesen Seiten nach den allgemeinen Gesetzen verantwortlich. Nach \u00a7\u00a7 8 bis 10 TMG sind wir als Diensteanbieter jedoch nicht verpflichtet, \u00fcbermittelte oder gespeicherte fremde Informationen zu \u00fcberwachen oder nach Umst\u00e4nden zu forschen, die auf eine rechtswidrige T\u00e4tigkeit hinweisen. Verpflichtungen zur Entfernung oder Sperrung der Nutzung von Informationen nach den allgemeinen Gesetzen bleiben hiervon unber\u00fchrt. Eine diesbez\u00fcgliche Haftung ist jedoch erst ab dem Zeitpunkt der Kenntnis einer konkreten Rechtsverletzung m\u00f6glich. Bei Bekanntwerden von entsprechenden Rechtsverletzungen werden wir diese Inhalte umgehend entfernen.<\/p>\n\n\n\n<p><strong>Haftung f\u00fcr Links<\/strong><\/p>\n\n\n\n<p>Unser Angebot enth\u00e4lt Links zu externen Webseiten Dritter, auf deren Inhalte wir keinen Einfluss haben. Deshalb k\u00f6nnen wir f\u00fcr diese fremden Inhalte auch keine Gew\u00e4hr \u00fcbernehmen. F\u00fcr die Inhalte der verlinkten Seiten ist stets der jeweilige Anbieter oder Betreiber der Seiten verantwortlich. Die verlinkten Seiten wurden zum Zeitpunkt der Verlinkung auf m\u00f6gliche Rechtsverst\u00f6\u00dfe \u00fcberpr\u00fcft. Rechtswidrige Inhalte waren zum Zeitpunkt der Verlinkung nicht erkennbar. Eine permanente inhaltliche Kontrolle der verlinkten Seiten ist jedoch ohne konkrete Anhaltspunkte einer Rechtsverletzung nicht zumutbar. Bei Bekanntwerden von Rechtsverletzungen werden wir derartige Links umgehend entfernen.<\/p>\n\n\n\n<p><strong>Urheberrecht<\/strong><\/p>\n\n\n\n<p>Die durch die Seitenbetreiber erstellten Inhalte und Werke auf diesen Seiten unterliegen dem deutschen Urheberrecht. Die Vervielf\u00e4ltigung, Bearbeitung, Verbreitung und jede Art der Verwertung au\u00dferhalb der Grenzen des Urheberrechtes bed\u00fcrfen der schriftlichen Zustimmung des jeweiligen Autors bzw. Erstellers. Downloads und Kopien dieser Seite sind nur f\u00fcr den privaten, nicht kommerziellen Gebrauch gestattet. Soweit die Inhalte auf dieser Seite nicht vom Betreiber erstellt wurden, werden die Urheberrechte Dritter beachtet. Insbesondere werden Inhalte Dritter als solche gekennzeichnet. Sollten Sie trotzdem auf eine Urheberrechtsverletzung aufmerksam werden, bitten wir um einen entsprechenden Hinweis. Bei Bekanntwerden von Rechtsverletzungen werden wir derartige Inhalte umgehend entfernen.<\/p>\n\n\n\n<p><em>Quellenangabe:&nbsp;<a href=\"https:\/\/www.e-recht24.de\/\">eRecht24<\/a><\/em><\/p>\n","protected":false},"excerpt":{"rendered":"<p>Datenschutzerkl\u00e4rung Allgemeiner Hinweis und Pflichtinformationen Benennung der verantwortlichen Stelle Die verantwortliche Stelle f\u00fcr die Datenverarbeitung auf dieser Website ist: Dorfgemeinschaft Fl\u00f6\u00dfberg e.V. Sebastian Lehning An der Feuerwehr 1e 04654 Frohburg Die verantwortliche Stelle entscheidet allein oder gemeinsam mit anderen \u00fcber die Zwecke und Mittel der Verarbeitung von personenbezogenen Daten (z.B. Namen, Kontaktdaten o. \u00c4.). Widerruf &hellip;<\/p>\n","protected":false},"author":1,"featured_media":0,"parent":0,"menu_order":0,"comment_status":"closed","ping_status":"closed","template":"","meta":{"footnotes":""},"class_list":["post-19","page","type-page","status-publish","hentry"],"_links":{"self":[{"href":"https:\/\/www.dg-floessberg.de\/index.php?rest_route=\/wp\/v2\/pages\/19","targetHints":{"allow":["GET"]}}],"collection":[{"href":"https:\/\/www.dg-floessberg.de\/index.php?rest_route=\/wp\/v2\/pages"}],"about":[{"href":"https:\/\/www.dg-floessberg.de\/index.php?rest_route=\/wp\/v2\/types\/page"}],"author":[{"embeddable":true,"href":"https:\/\/www.dg-floessberg.de\/index.php?rest_route=\/wp\/v2\/users\/1"}],"replies":[{"embeddable":true,"href":"https:\/\/www.dg-floessberg.de\/index.php?rest_route=%2Fwp%2Fv2%2Fcomments&post=19"}],"version-history":[{"count":5,"href":"https:\/\/www.dg-floessberg.de\/index.php?rest_route=\/wp\/v2\/pages\/19\/revisions"}],"predecessor-version":[{"id":604,"href":"https:\/\/www.dg-floessberg.de\/index.php?rest_route=\/wp\/v2\/pages\/19\/revisions\/604"}],"wp:attachment":[{"href":"https:\/\/www.dg-floessberg.de\/index.php?rest_route=%2Fwp%2Fv2%2Fmedia&parent=19"}],"curies":[{"name":"wp","href":"https:\/\/api.w.org\/{rel}","templated":true}]}}